 5, what is 41224 - 442?
40232
In base 16, what is 72 + -7d?
-b
In base 11, what is -1 - -18a7?
18a6
In base 15, what is c + -1938?
-192b
In base 3, what is -1001010 - -11?
-1000222
In base 4, what is 11 - 112302?
-112231
In base 12, what is -8822 + -7?
-8829
In base 5, what is -3 + 20022413?
20022410
In base 2, what is -111101010111001 - 10?
-111101010111011
In base 6, what is -144 - -342?
154
In base 13, what is -1a46 - -b1?
-1965
In base 3, what is 1021 - 202101?
-201010
In base 13, what is -50a4 - -4?
-50a0
In base 6, what is 150 + -520?
-330
In base 9, what is 304423 - -5?
304428
In base 13, what is -510 - -1b0?
-330
In base 16, what is ea4 - -4?
ea8
In base 6, what is 134 - 332454?
-332320
In base 13, what is 10 + -121b?
-120b
In base 4, what is 12021212331 - 2?
12021212323
In base 6, what is -2254 + -12?
-2310
In base 13, what is 170a - 7a?
1660
In base 9, what is -288118 - 0?
-288118
In base 3, what is -2022001022122 - -11?
-2022001022111
In base 13, what is 1 - -40034?
40035
In base 15, what is 8 - 40a8?
-40a0
In base 10, what is -709628 + 4?
-709624
In base 4, what is 1022020231 + 11?
1022020302
In base 7, what is -5 - -12161342?
12161334
In base 10, what is 1393 - -49?
1442
In base 5, what is -2230403 - 4?
-2230412
In base 12, what is -11 - 7b3?
-804
In base 5, what is -2 - -102324?
102322
In base 12, what is -3b - 9baa?
-a029
In base 4, what is -2023 + 2033?
10
In base 4, what is -101100 - 1233?
-102333
In base 3, what is 11202121012 - 0?
11202121012
In base 5, what is -13120 - 23?
-13143
In base 7, what is 4430116 - -4?
4430123
In base 13, what is -3 - -128788?
128785
In base 4, what is -3 - 11000011?
-11000020
In base 11, what is 80281 + -5?
80277
In base 14, what is 32 - -1a4?
1d6
In base 15, what is -12 - -229?
217
In base 12, what is -1 + 2944?
2943
In base 12, what is -4 + 4b9707?
4b9703
In base 7, what is -1 + -14536?
-14540
In base 16, what is 55 - -e2?
137
In base 2, what is -1000000110101000101110 - 100?
-1000000110101000110010
In base 5, what is 33 - -34312?
34400
In base 2, what is 10100011100 + 1001110?
10101101010
In base 2, what is -1000011011001001 + -11?
-1000011011001100
In base 3, what is 12 + 101120111?
101120200
In base 4, what is 1303320 + 0?
1303320
In base 2, what is -101011011101 - -1?
-101011011100
In base 3, what is 121220102 - 12120?
121200212
In base 8, what is -376357 - -2?
-376355
In base 11, what is -8320 - -4?
-8317
In base 13, what is 276 - -4c43?
51b9
In base 7, what is -3 - -203504?
203501
In base 6, what is 1 - -10332100?
10332101
In base 8, what is 6 + 50?
56
In base 16, what is -1 + -5ffd?
-5ffe
In base 13, what is -2178 + 13?
-2165
In base 12, what is -579 + -31a?
-897
In base 6, what is 130 - 502512?
-502342
In base 8, what is 32 - 5776?
-5744
In base 10, what is -738 - 4495?
-5233
In base 13, what is 2 - -707a7?
707a9
In base 12, what is -49958 + -5?
-49961
In base 4, what is 13313022212 - 2?
13313022210
In base 9, what is 14 - 123502?
-123477
In base 13, what is -3 + -6682?
-6685
In base 5, what is 3 + 11243?
11301
In base 14, what is 1212 - 17?
11d9
In base 5, what is 10 - -23013424?
23013434
In base 5, what is -1103211 - -3?
-1103203
In base 6, what is 13 - -3421333?
3421350
In base 5, what is -433 + 2224?
1241
In base 13, what is 243 + -3b?
205
In base 2, what is 10110001 - 10110110?
-101
In base 9, what is 10 - -4787?
4807
In base 6, what is -2504152 - 101?
-2504253
In base 2, what is -100110111001001010 + 1?
-100110111001001001
In base 9, what is 3 - -33270?
33273
In base 15, what is -167 + 1?
-166
In base 7, what is 1040 + 24?
1064
In base 9, what is 4 - 443?
-438
In base 7, what is 263210 - -3?
263213
In base 2, what is 100 - 101110010111000?
-101110010110100
In base 13, what is -15 - 403?
-418
In base 2, what is 11000101100101011 - -100?
11000101100101111
In base 7, what is -3646225 + 4?
-3646221
In base 5, what is -143 - 2204?
-2402
In base 12, what is 832651 + 0?
832651
In base 16, what is 15a - 1d?
13d
In base 7, what is 1236566 - 13?
1236553
In base 13, what is 1 + 67678?
67679
In base 4, what is 0 - -1330000?
1330000
In base 14, what is 11780 + -b?
11773
In base 13, what is 3 + 8603a?
86040
In base 6, what is 14031400 + -5?
14031351
In base 5, what is -402101 - -12?
-402034
In base 5, what is 4144422001 - 3?
4144421443
In base 4, what is 113133320 - 10?
113133310
In base 4, what is -1230001012 + -2?
-1230001020
In base 12, what is -85 + ab7?
a32
In base 2, what is -100 + 11000111010010?
11000111001110
In base 3, what is -11 - -2110111?
2110100
In base 4, what is 21 + -2113230?
-2113203
In base 5, what is -1 + 12311?
12310
In base 3, what is -110111111101 + -10?
-110111111111
In base 4, what is 11220120 + 133?
11220313
In base 7, what is 25403 + -323?
25050
In base 9, what is 14 - -28004?
28018
In base 8, what is 54257 + -4?
54253
In base 13, what is 4 - 5465?
-5461
In base 10, what is -5 + -9625?
-9630
In base 13, what is 1 - -5281?
5282
In base 3, what is -1020210222210 + -11?
-1020210222221
In base 16, what is -1392 - -8a?
-1308
In base 9, what is -4 - 14260?
-14264
In base 14, what is a2c6 - 8?
a2bc
In base 8, what is 103 - -713?
1016
In base 15, what is -28987 - d?
-28995
In base 3, what is -2100010 - -121?
-2022112
In base 10, what is 20 - 1326?
-1306
In base 11, what is 15 + 4671?
4686
In base 7, what is 322 + -2126?
-1504
In base 3, what is -2010 - -111112010?
111110000
In base 2, what is -100 + 100011100011111011?
100011100011110111
In base 7, what is -6 + -166644?
-166653
In base 12, what is 4 + -330a8?
-330a4
In base 11, what is -5a3 + -20?
-613
In base 5, what is -300102134 - -3?
-300102131
In base 12, what is -3a40b0 + 4?
-3a40a8
In base 7, what is -2 + 1425146?
1425144
In base 16, what is 5 - 8078?
-8073
In base 5, what is 42004 + -3?
42001
In base 16, what is -18be71 - -3?
-18be6e
In base 13, what is -379c9 - -3?
-379c6
In base 6, what is -122155 + -1?
-122200
In base 11, what is 10883 + -4?
1087a
In base 11, what is 2a5 - 390?
-96
In base 12, what is 97 - -b6?
191
In base 12, what is -40a6 - 21?
-4107
In base 7, what is -41015 - 506?
-41524
In base 14, what is -b - 31356?
-31363
In base 15, what is -1 - 225?
-226
In base 12, what is 1282 - 40?
1242
In base 7, what is 31 - 6344?
-6313
In base 8, what is 14175 - 76?
14077
In base 14, what is 201582 + 2?
201584
In base 12, what is -1a23 + -30?
-1a53
In base 7, what is -160 - 1?
-161
In base 4, what is -320 + -1331313?
-1332233
In base 7, what is 1 - 22055?
-22054
In base 2, what is -10010110100 - -110?
-10010101110
In base 13, what is -7abb - 4?
-7ac2
In base 7, what is 5 - 54163?
-54155
In base 2, what is -11 + 110110111000110110?
110110111000110011
In base 13, what is 408 + -31?
3a7
In base 8, what is -73432 - 2?
-73434
In base 15, what is 2d4d7 + 3?
2d4da
In base 8, what is 4 - 2067611?
-2067605
In base 13, what is -49 + 1cac?
1c63
In base 13, what is 16 - -1851?
1867
In base 13, what is -6c3 + 3c2?
-301
In base 5, what is -2 + -222423?
-222430
In base 2, what is -1110 + 111001010111?
111001001001
In base 4, what is 3312032 - 202?
3311230
In base 7, what is -1 + 154410?
154406
In base 3, what is 100 - 11202222122?
-11202222022
In base 15, what is -6a166 - 5?
-6a16b
In base 9, what is 1511127 - 4?
1511123
In base 9, what is -427 - -202?
-225
In base 12, what is -8577 + -15?
-8590
In base 15, what is -cd2 + 1?
-cd1
In base 14, what is -1 + -118?
-119
In base 2, what is 100010101101110 - -100?
100010101110010
In base 14, what is 8 - 5bd0?
-5bc6
In base 8, what is -11063 - 1?
-11064
In base 6, what is 3355311 - 53?
3355214
In base 7, what is 10366 + -12?
10354
In base 11, what is 118 + -107?
11
In base 13, what is -20158 - -5?
-20153
In base 3, what is -211221120 - 111?
-211222001
In base 4, what is -1030 + 13302?
12212
In base 2, what is 1001010001 - -1011100110?
10100110111
In base 13, what is -512aa9 - 3?
-512aac
In base 6, what is -42 - -5505?
5423
In base 16, what is -2 - 1a73?
-1a75
In base 9, what is -610 + -285?
-1005
In base 2, what is -1100110 - 101101110?
-111010100
In base 15, what is -5 + 1ab?
1a6
In base 14, what is -4 + -16a63?
-16a67
In base 10, what is 839 + 5?
844
In base 16, what is -d8fb - 2?
-d8fd
In base 8, what is 701 - 47?
632
In base 16, what is 2d + -24d?
-220
In base 13, what is -3469